8941 a multiple of 35?
False
Is 1619 a factor of 161350711?
False
Is 323 a factor of 1263088916?
True
Is 16 a factor of 53997551?
False
Is 136073814 a multiple of 1174?
False
Is 86889187 a multiple of 623?
True
Does 104 divide 140202245?
False
Is 336621250 a multiple of 35?
True
Does 151 divide 25366037?
True
Is 27 a factor of 31796523?
True
Is 106 a factor of 163685730?
True
Is 584421471 a multiple of 380?
False
Is 20 a factor of 38681780?
True
Is 60043958 a multiple of 4?
False
Is 20245680 a multiple of 168?
True
Is 288 a factor of 1805160452?
False
Is 536436325 a multiple of 1985?
True
Is 4 a factor of 423971596?
True
Is 56 a factor of 171503304?
True
Is 119217036 a multiple of 449?
False
Is 298 a factor of 255489859?
False
Is 74 a factor of 210234?
True
Is 83103674 a multiple of 186?
False
Does 64 divide 35892608?
True
Is 24272820 a multiple of 820?
True
Is 486627175 a multiple of 25?
True
Does 888 divide 86847856?
False
Is 104106586 a multiple of 2093?
False
Is 21792306 a multiple of 287?
False
Is 353974290 a multiple of 1790?
True
Does 4865 divide 3500101233?
False
Is 3187988859 a multiple of 33?
True
Is 13 a factor of 504170373?
False
Is 85098168 a multiple of 12?
True
Is 2032 a factor of 504381008?
True
Is 65162994 a multiple of 10?
False
Does 6 divide 10237328?
False
Does 66 divide 3336460578?
True
Does 239 divide 311987515?
False
Is 30065117 a multiple of 242?
False
Is 451389 a multiple of 397?
True
Is 96 a factor of 48678624?
True
Is 16 a factor of 13500144?
True
Is 445204925 a multiple of 275?
True
Does 549 divide 240590466?
True
Is 88 a factor of 4732552?
True
Is 19652326 a multiple of 326?
False
Is 1437 a factor of 111007785?
False
Does 275 divide 131263732?
False
Does 12 divide 42724992?
True
Does 3549 divide 896044422?
True
Is 135779757 a multiple of 540?
False
Does 9652 divide 2338681747?
False
Is 1684010118 a multiple of 3738?
True
Is 6792619476 a multiple of 12?
True
Is 504 a factor of 42765912?
True
Is 23 a factor of 3915802460?
False
Does 135 divide 58578525?
True
Is 1774590840 a multiple of 14520?
True
Is 999 a factor of 45235719?
True
Is 409992659 a multiple of 2828?
False
Does 6 divide 38052704?
False
Does 456 divide 583076800?
False
Is 8 a factor of 24084104?
True
Does 42 divide 172341624?
True
Is 95 a factor of 446595?
True
Is 16 a factor of 119373063?
False
Is 279 a factor of 18611253?
True
Does 2290 divide 49017450?
True
Does 137 divide 426754035?
False
Does 17 divide 7473336?
True
Is 97016579 a multiple of 11?
True
Is 1748812590 a multiple of 70?
True
Is 63 a factor of 66481002?
True
Is 1367 a factor of 1927018158?
False
Is 243954840 a multiple of 1502?
True
Does 34 divide 475449237?
False
Is 67 a factor of 47800476?
False
Is 288890504 a multiple of 13?
False
Is 126 a factor of 384626972?
False
Is 5 a factor of 19628858?
False
Does 4 divide 59457404?
True
Is 573 a factor of 19212844?
False
Is 13 a factor of 13220862?
False
Is 2110 a factor of 42126775?
False
Does 48 divide 6995597472?
True
Is 706 a factor of 166636490?
False
Does 31 divide 15892618?
False
Is 14 a factor of 418582225?
False
Does 101 divide 32157592?
True
Is 113711666 a multiple of 1560?
False
Is 24 a factor of 31411523?
False
Does 100 divide 46483400?
True
Does 5344 divide 671091507?
False
Is 2282 a factor of 898644754?
True
Does 161 divide 3257681889?
True
Is 16338941 a multiple of 4926?
False
Is 15 a factor of 32158275?
True
Is 185 a factor of 428923917?
False
Is 7 a factor of 50966727?
True
Does 1012 divide 162451300?
True
Is 14 a factor of 80108931?
False
Is 40871337 a multiple of 247?
True
Is 2075535997 a multiple of 2272?
False
Is 11435 a factor of 4175854477?
False
Is 30 a factor of 61812330?
True
Is 137566646 a multiple of 359?
True
Is 9 a factor of 99982629?
True
Does 56 divide 39158056?
True
Is 18 a factor of 24130746?
True
Is 175174590 a multiple of 168?
False
Is 187416120 a multiple of 5?
True
Does 51 divide 89397951?
True
Is 1809 a factor of 111908753?
False
Is 191379776 a multiple of 2708?
True
Is 3 a factor of 5326848?
True
Does 39 divide 118640028?
True
Is 108309474 a multiple of 852?
False
Is 1696 a factor of 544792935?
False
Is 1421700 a multiple of 175?
True
Is 999 a factor of 59736937?
False
Is 70 a factor of 196323497?
False
Does 57 divide 2542301667?
False
Is 57347178 a multiple of 352?
False
Does 37 divide 600343704?
False
Does 13 divide 1039309414?
True
Is 5 a factor of 71599651?
False
Is 33 a factor of 21211256?
False
Is 704 a factor of 56951463?
False
Is 24 a factor of 3701723?
False
Is 5 a factor of 80927325?
True
Is 227 a factor of 152538779?
True
Does 36 divide 295895052?
True
Is 3295599 even?
False
Does 36 divide 97834275?
False
Is 73990543 a multiple of 649?
True
Is 7 a factor of 3223141?
False
Does 2300 divide 140646066?
False
Is 2902498122 a multiple of 59?
False
Is 13852655 a multiple of 7?
False
Does 23 divide 498712335?
True
Is 360763924 a multiple of 92?
True
Is 6234 a factor of 379438644?
True
Is 1127975338 a multiple of 14?
True
Does 1132 divide 591905853?
False
Is 32222003 a multiple of 146?
False
Does 75 divide 1369718043?
False
Does 13 divide 64212115?
False
Is 946231449 a multiple of 299?
False
Is 13411468 a multiple of 20?
False
Is 2363037 a multiple of 31?
True
Does 5 divide 385132821?
False
Is 17 a factor of 26251623?
False
Does 28 divide 278681872?
True
Is 3403 a factor of 1194058252?
True
Is 1789488 a multiple of 165?
False
Does 23 divide 490343486?
True
Is 36 a factor of 930394394?
False
Does 47 divide 8230911?
False
Is 9842660 a multiple of 34?
True
Does 13 divide 892827?
True
Is 5218091 a multiple of 76?
False
Is 3962096756 a multiple of 12?
False
Is 1716877610 a multiple of 891?
False
Does 19 divide 104930670?
False
Does 92 divide 134504?
True
Does 6 divide 56450466?
True
Is 603729633 a multiple of 123?
True
Is 1542 a factor of 4945379040?
True
Is 260 a factor of 6287320?
True
Does 11029 divide 2234718038?
True
Does 17 divide 598978?
True
Is 573652470 a multiple of 2347?
False
Is 159507659 a multiple of 311?
False
Is 3014988907 a multiple of 547?
False
Does 1041 divide 23049822?
True
Is 4684095 a multiple of 135?
True
Is 313 a factor of 226916525?
False
Does 371 divide 4845532?
False
Is 676 a factor of 301158919?
False
Does 1023 divide 35650527?
True
Is 1210 a factor of 905940773?
False
Is 2280441 a multiple of 3338?
False
Does 43 divide 28635506?
True
Does 72 divide 67193568?
True
Does 150 divide 16436100?
True
Is 24148332 a multiple of 5168?
False
Does 6 divide 15991096?
False
Is 192832859 a multiple of 5747?
False
Does 6177 divide 482275452?
True
Is 3466 a factor of 275075624?
True
Is 4122 a factor of 134149769?
False
Is 6707084 a multiple of 4?
True
Does 50 divide 875104450?
True
Does 65 divide 588616946?
False
Does 6 divide 45146339?
False
Does 1949 divide 3249320177?
True
Is 57187520 a multiple of 104?
True
Is 24307660 a multiple of 260?
True
Is 177 a factor of 13447178?
False
Is 703047462 a multiple of 13?
True
Is 275 a factor of 191353250?
True
Is 12002268 a multiple of 3?
True
Is 146 a factor of 195461150?
True
Is 917 a factor of 1567891597?
False
Is 69 a factor of 81923420?
False
Does 16 divide 757400?
False
Is 31 a factor of 13347729?
False
Does 23 divide 1422520422?
True
Is 215 a factor of 1167665?
True
Is 272959 a multiple of 83?
False
Is 70 a factor of 701989?
False
Is 7 a factor of 1311481605?
True
Is 482 a factor of 10072279?
False
Does 597 divide 40369463?
False
Is 138 a factor of 20496312?
True
Does 518 divide 38372769?
False
Does 735 divide 4734149?
False
Is 22743870 a multiple of 638?
False
Is 10 a factor of 16908577?
False
Is 297 a factor of 2853261?
False
Is 124 a factor of 16847079?
False
Does 2605 divide 467850185?
True
Is 2601187020 a multiple of 19?
True
Does 180 divide 34322063?
False
Is 173850424 a multiple of 59?
False
Is 8 a factor of 119408000?
True
Does 61 divide 222214264?
False
Does 560 divide 269943754?
False
Is 99708168 a multiple of 42?
True
Is 18 a factor of 17505144?
True
Is 26 a factor of 150498400?
True
Is 166529643 a multiple of 21?
True
Is 3128 a factor of 426077392?
True
Is 21 a factor of 429050222?
False
Does 5875 divide 2521644525?
False
Is 270134513 a multiple of 870?
False
Does 39 divide 35901879?
True
Is 630770351 a multiple of 84?
False
Does 70